{"id":1480,"date":"2025-05-27T16:24:38","date_gmt":"2025-05-27T14:24:38","guid":{"rendered":"https:\/\/pdf.difforvert.com\/?page_id=1480"},"modified":"2025-06-02T14:43:04","modified_gmt":"2025-06-02T12:43:04","slug":"reportage-difforvert-france-3-picardie","status":"publish","type":"page","link":"https:\/\/pdf.difforvert.com\/index.php\/reportage-difforvert-france-3-picardie\/","title":{"rendered":"Reportage DifforVert France 3 Picardie"},"content":{"rendered":"\n<div class=\"wp-block-cover alignwide is-light\"><span aria-hidden=\"true\" class=\"wp-block-cover__background has-neve-text-color-background-color has-background-dim-0 has-background-dim\"><\/span><img loading=\"lazy\" decoding=\"async\" width=\"1920\" height=\"2560\" class=\"wp-block-cover__image-background wp-image-1481\" alt=\"\" src=\"https:\/\/pdf.difforvert.com\/wp-content\/uploads\/2025\/05\/IMG_1195-scaled.jpg\" style=\"object-position:47% 52%\" data-object-fit=\"cover\" data-object-position=\"47% 52%\" srcset=\"https:\/\/pdf.difforvert.com\/wp-content\/uploads\/2025\/05\/IMG_1195-scaled.jpg 1920w, https:\/\/pdf.difforvert.com\/wp-content\/uploads\/2025\/05\/IMG_1195-225x300.jpg 225w, https:\/\/pdf.difforvert.com\/wp-content\/uploads\/2025\/05\/IMG_1195-768x1024.jpg 768w, https:\/\/pdf.difforvert.com\/wp-content\/uploads\/2025\/05\/IMG_1195-1152x1536.jpg 1152w, https:\/\/pdf.difforvert.com\/wp-content\/uploads\/2025\/05\/IMG_1195-1536x2048.jpg 1536w\" sizes=\"(max-width: 1920px) 100vw, 1920px\" \/><div class=\"wp-block-cover__inner-container is-layout-constrained wp-block-cover-is-layout-constrained\">\n<h2 class=\"wp-block-heading alignwide has-text-align-center has-nv-light-bg-color has-text-color has-link-color has-x-large-font-size wp-elements-34755361cebcd1fb89f4c06fc1ca1c89\"><\/h2>\n<\/div><\/div>\n\n\n\n<div style=\"height:40px\" aria-hidden=\"true\" class=\"wp-block-spacer\"><\/div>\n\n\n\n<h2 class=\"wp-block-heading alignwide has-text-align-center title has-large-font-size\"><strong>Au c\u0153ur de DifforVert \u2013 Reportage France 3 Picardie<\/strong><\/h2>\n\n\n\n<h3 class=\"wp-block-heading alignwide has-text-align-center\"><strong>D\u00e9couvrez notre quotidien en images<\/strong><\/h3>\n\n\n\n<div style=\"height:10px\" aria-hidden=\"true\" class=\"wp-block-spacer\"><\/div>\n\n\n\n<p class=\"has-text-align-center\"><strong>\u00c0 l\u2019occasion de la F\u00eate des M\u00e8res, l\u2019un des temps forts de l\u2019ann\u00e9e, France 3 Picardie est venu capter les coulisses de DifforVert.<br><\/strong>Ce reportage met en lumi\u00e8re notre savoir-faire fleuriste d\u00e9di\u00e9 \u00e0 la grande distribution, l\u2019engagement de nos \u00e9quipes, et l\u2019organisation que nous d\u00e9ployons chaque jour pour accompagner nos magasins partenaires. <strong>Du montage des compositions \u00e0 l\u2019exp\u00e9dition, plongez dans l\u2019envers du d\u00e9cor de notre activit\u00e9.<\/strong><br><\/p>\n\n\n\n<div style=\"height:20px\" aria-hidden=\"true\" class=\"wp-block-spacer\"><\/div>\n\n\n\n<figure class=\"wp-block-embed alignwide is-type-video is-provider-youtube wp-block-embed-youtube wp-embed-aspect-16-9 wp-has-aspect-ratio\"><div class=\"wp-block-embed__wrapper\">\n<div class=\"nv-iframe-embed\"><iframe loading=\"lazy\" title=\"Portes ouvertes : Difforvert, l\u00e0 o\u00f9 sont produites les fleurs de vos supermarch\u00e9s\" width=\"1200\" height=\"675\" src=\"https:\/\/www.youtube.com\/embed\/ZlYL3O5oLD4?feature=oembed\" frameborder=\"0\" allow=\"accelerometer; autoplay; clipboard-write; encrypted-media; gyroscope; picture-in-picture; web-share\" referrerpolicy=\"strict-origin-when-cross-origin\" allowfullscreen><\/iframe><\/div>\n<\/div><\/figure>\n\n\n\n<div style=\"height:40px\" aria-hidden=\"true\" class=\"wp-block-spacer\"><\/div>\n\n\n\n<h3 class=\"wp-block-heading alignwide has-text-align-center\"><strong>En bonus : quelques photos exclusives du tournage<\/strong><\/h3>\n\n\n\n<div style=\"height:10px\" aria-hidden=\"true\" class=\"wp-block-spacer\"><\/div>\n\n\n\n<p class=\"has-text-align-center\"><strong>Retour en images sur cette journ\u00e9e un peu particuli\u00e8re pour nos \u00e9quipes<\/strong>, fi\u00e8res de partager avec vous les coulisses de leur quotidien.<\/p>\n\n\n\n<div style=\"height:20px\" aria-hidden=\"true\" class=\"wp-block-spacer\"><\/div>\n\n\n\n<figure class=\"wp-block-gallery alignwide has-nested-images columns-5 is-cropped wp-block-gallery-1 is-layout-flex wp-block-gallery-is-layout-flex\">\n<figure class=\"wp-block-image size-large\"><img loading=\"lazy\" decoding=\"async\" width=\"768\" height=\"1024\" data-id=\"1491\" src=\"https:\/\/pdf.difforvert.com\/wp-content\/uploads\/2025\/05\/IMG_1124-1-768x1024.jpg\" alt=\"\" class=\"wp-image-1491\" srcset=\"https:\/\/pdf.difforvert.com\/wp-content\/uploads\/2025\/05\/IMG_1124-1-768x1024.jpg 768w, https:\/\/pdf.difforvert.com\/wp-content\/uploads\/2025\/05\/IMG_1124-1-225x300.jpg 225w, https:\/\/pdf.difforvert.com\/wp-content\/uploads\/2025\/05\/IMG_1124-1-1152x1536.jpg 1152w, https:\/\/pdf.difforvert.com\/wp-content\/uploads\/2025\/05\/IMG_1124-1-1536x2048.jpg 1536w, https:\/\/pdf.difforvert.com\/wp-content\/uploads\/2025\/05\/IMG_1124-1-scaled.jpg 1920w\" sizes=\"(max-width: 768px) 100vw, 768px\" \/><\/figure>\n\n\n\n<figure class=\"wp-block-image size-large\"><img loading=\"lazy\" decoding=\"async\" width=\"768\" height=\"1024\" data-id=\"1498\" src=\"https:\/\/pdf.difforvert.com\/wp-content\/uploads\/2025\/05\/IMG_1141-1-768x1024.jpg\" alt=\"\" class=\"wp-image-1498\" srcset=\"https:\/\/pdf.difforvert.com\/wp-content\/uploads\/2025\/05\/IMG_1141-1-768x1024.jpg 768w, https:\/\/pdf.difforvert.com\/wp-content\/uploads\/2025\/05\/IMG_1141-1-225x300.jpg 225w, https:\/\/pdf.difforvert.com\/wp-content\/uploads\/2025\/05\/IMG_1141-1-1152x1536.jpg 1152w, https:\/\/pdf.difforvert.com\/wp-content\/uploads\/2025\/05\/IMG_1141-1-1536x2048.jpg 1536w, https:\/\/pdf.difforvert.com\/wp-content\/uploads\/2025\/05\/IMG_1141-1-scaled.jpg 1920w\" sizes=\"(max-width: 768px) 100vw, 768px\" \/><\/figure>\n\n\n\n<figure class=\"wp-block-image size-large\"><img loading=\"lazy\" decoding=\"async\" width=\"768\" height=\"1024\" data-id=\"1496\" src=\"https:\/\/pdf.difforvert.com\/wp-content\/uploads\/2025\/05\/IMG_1164-1-768x1024.jpg\" alt=\"\" class=\"wp-image-1496\" srcset=\"https:\/\/pdf.difforvert.com\/wp-content\/uploads\/2025\/05\/IMG_1164-1-768x1024.jpg 768w, https:\/\/pdf.difforvert.com\/wp-content\/uploads\/2025\/05\/IMG_1164-1-225x300.jpg 225w, https:\/\/pdf.difforvert.com\/wp-content\/uploads\/2025\/05\/IMG_1164-1-1152x1536.jpg 1152w, https:\/\/pdf.difforvert.com\/wp-content\/uploads\/2025\/05\/IMG_1164-1-1536x2048.jpg 1536w, https:\/\/pdf.difforvert.com\/wp-content\/uploads\/2025\/05\/IMG_1164-1-scaled.jpg 1920w\" sizes=\"(max-width: 768px) 100vw, 768px\" \/><\/figure>\n\n\n\n<figure class=\"wp-block-image size-large\"><img loading=\"lazy\" decoding=\"async\" width=\"768\" height=\"1024\" data-id=\"1499\" src=\"https:\/\/pdf.difforvert.com\/wp-content\/uploads\/2025\/05\/IMG_1195-2-768x1024.jpg\" alt=\"\" class=\"wp-image-1499\" srcset=\"https:\/\/pdf.difforvert.com\/wp-content\/uploads\/2025\/05\/IMG_1195-2-768x1024.jpg 768w, https:\/\/pdf.difforvert.com\/wp-content\/uploads\/2025\/05\/IMG_1195-2-225x300.jpg 225w, https:\/\/pdf.difforvert.com\/wp-content\/uploads\/2025\/05\/IMG_1195-2-1152x1536.jpg 1152w, https:\/\/pdf.difforvert.com\/wp-content\/uploads\/2025\/05\/IMG_1195-2-1536x2048.jpg 1536w, https:\/\/pdf.difforvert.com\/wp-content\/uploads\/2025\/05\/IMG_1195-2-scaled.jpg 1920w\" sizes=\"(max-width: 768px) 100vw, 768px\" \/><\/figure>\n\n\n\n<figure class=\"wp-block-image size-large\"><img loading=\"lazy\" decoding=\"async\" width=\"768\" height=\"1024\" data-id=\"1497\" src=\"https:\/\/pdf.difforvert.com\/wp-content\/uploads\/2025\/05\/IMG_1169-1-768x1024.jpg\" alt=\"\" class=\"wp-image-1497\" srcset=\"https:\/\/pdf.difforvert.com\/wp-content\/uploads\/2025\/05\/IMG_1169-1-768x1024.jpg 768w, https:\/\/pdf.difforvert.com\/wp-content\/uploads\/2025\/05\/IMG_1169-1-225x300.jpg 225w, https:\/\/pdf.difforvert.com\/wp-content\/uploads\/2025\/05\/IMG_1169-1-1152x1536.jpg 1152w, https:\/\/pdf.difforvert.com\/wp-content\/uploads\/2025\/05\/IMG_1169-1-1536x2048.jpg 1536w, https:\/\/pdf.difforvert.com\/wp-content\/uploads\/2025\/05\/IMG_1169-1-scaled.jpg 1920w\" sizes=\"(max-width: 768px) 100vw, 768px\" \/><\/figure>\n\n\n\n<figure class=\"wp-block-image size-large\"><img loading=\"lazy\" decoding=\"async\" width=\"768\" height=\"1024\" data-id=\"1511\" src=\"https:\/\/pdf.difforvert.com\/wp-content\/uploads\/2025\/05\/IMG_1144-1-768x1024.jpg\" alt=\"\" class=\"wp-image-1511\" srcset=\"https:\/\/pdf.difforvert.com\/wp-content\/uploads\/2025\/05\/IMG_1144-1-768x1024.jpg 768w, https:\/\/pdf.difforvert.com\/wp-content\/uploads\/2025\/05\/IMG_1144-1-225x300.jpg 225w, https:\/\/pdf.difforvert.com\/wp-content\/uploads\/2025\/05\/IMG_1144-1-1152x1536.jpg 1152w, https:\/\/pdf.difforvert.com\/wp-content\/uploads\/2025\/05\/IMG_1144-1-1536x2048.jpg 1536w, https:\/\/pdf.difforvert.com\/wp-content\/uploads\/2025\/05\/IMG_1144-1-scaled.jpg 1920w\" sizes=\"(max-width: 768px) 100vw, 768px\" \/><\/figure>\n\n\n\n<figure class=\"wp-block-image size-large\"><img loading=\"lazy\" decoding=\"async\" width=\"768\" height=\"1024\" data-id=\"1488\" src=\"https:\/\/pdf.difforvert.com\/wp-content\/uploads\/2025\/05\/IMG_1207-768x1024.jpg\" alt=\"\" class=\"wp-image-1488\" srcset=\"https:\/\/pdf.difforvert.com\/wp-content\/uploads\/2025\/05\/IMG_1207-768x1024.jpg 768w, https:\/\/pdf.difforvert.com\/wp-content\/uploads\/2025\/05\/IMG_1207-225x300.jpg 225w, https:\/\/pdf.difforvert.com\/wp-content\/uploads\/2025\/05\/IMG_1207-1152x1536.jpg 1152w, https:\/\/pdf.difforvert.com\/wp-content\/uploads\/2025\/05\/IMG_1207-1536x2048.jpg 1536w, https:\/\/pdf.difforvert.com\/wp-content\/uploads\/2025\/05\/IMG_1207-scaled.jpg 1920w\" sizes=\"(max-width: 768px) 100vw, 768px\" \/><\/figure>\n\n\n\n<figure class=\"wp-block-image size-large\"><img loading=\"lazy\" decoding=\"async\" width=\"768\" height=\"1024\" data-id=\"1512\" src=\"https:\/\/pdf.difforvert.com\/wp-content\/uploads\/2025\/05\/IMG_1183-768x1024.jpg\" alt=\"\" class=\"wp-image-1512\" srcset=\"https:\/\/pdf.difforvert.com\/wp-content\/uploads\/2025\/05\/IMG_1183-768x1024.jpg 768w, https:\/\/pdf.difforvert.com\/wp-content\/uploads\/2025\/05\/IMG_1183-225x300.jpg 225w, https:\/\/pdf.difforvert.com\/wp-content\/uploads\/2025\/05\/IMG_1183-1152x1536.jpg 1152w, https:\/\/pdf.difforvert.com\/wp-content\/uploads\/2025\/05\/IMG_1183-1536x2048.jpg 1536w, https:\/\/pdf.difforvert.com\/wp-content\/uploads\/2025\/05\/IMG_1183-scaled.jpg 1920w\" sizes=\"(max-width: 768px) 100vw, 768px\" \/><\/figure>\n<\/figure>\n\n\n\n<div style=\"height:40px\" aria-hidden=\"true\" class=\"wp-block-spacer\"><\/div>\n\n\n\n<p><\/p>\n","protected":false},"excerpt":{"rendered":"<p>Au c\u0153ur de DifforVert \u2013 Reportage France 3 Picardie D\u00e9couvrez notre quotidien en images \u00c0 l\u2019occasion de la F\u00eate des M\u00e8res, l\u2019un des temps forts de l\u2019ann\u00e9e, France 3 Picardie est venu capter les coulisses de DifforVert.Ce reportage met en lumi\u00e8re notre savoir-faire fleuriste d\u00e9di\u00e9 \u00e0 la grande distribution, l\u2019engagement de nos \u00e9quipes, et l\u2019organisation&hellip;&nbsp;<a href=\"https:\/\/pdf.difforvert.com\/index.php\/reportage-difforvert-france-3-picardie\/\" rel=\"bookmark\">Lire la suite &raquo;<span class=\"screen-reader-text\">Reportage DifforVert France 3 Picardie<\/span><\/a><\/p>\n","protected":false},"author":1,"featured_media":0,"parent":0,"menu_order":0,"comment_status":"closed","ping_status":"closed","template":"","meta":{"neve_meta_sidebar":"","neve_meta_container":"","neve_meta_enable_content_width":"","neve_meta_content_width":0,"neve_meta_title_alignment":"","neve_meta_author_avatar":"","neve_post_elements_order":"","neve_meta_disable_header":"","neve_meta_disable_footer":"","neve_meta_disable_title":"","footnotes":""},"class_list":["post-1480","page","type-page","status-publish","hentry"],"_links":{"self":[{"href":"https:\/\/pdf.difforvert.com\/index.php\/wp-json\/wp\/v2\/pages\/1480"}],"collection":[{"href":"https:\/\/pdf.difforvert.com\/index.php\/wp-json\/wp\/v2\/pages"}],"about":[{"href":"https:\/\/pdf.difforvert.com\/index.php\/wp-json\/wp\/v2\/types\/page"}],"author":[{"embeddable":true,"href":"https:\/\/pdf.difforvert.com\/index.php\/wp-json\/wp\/v2\/users\/1"}],"replies":[{"embeddable":true,"href":"https:\/\/pdf.difforvert.com\/index.php\/wp-json\/wp\/v2\/comments?post=1480"}],"version-history":[{"count":36,"href":"https:\/\/pdf.difforvert.com\/index.php\/wp-json\/wp\/v2\/pages\/1480\/revisions"}],"predecessor-version":[{"id":1547,"href":"https:\/\/pdf.difforvert.com\/index.php\/wp-json\/wp\/v2\/pages\/1480\/revisions\/1547"}],"wp:attachment":[{"href":"https:\/\/pdf.difforvert.com\/index.php\/wp-json\/wp\/v2\/media?parent=1480"}],"curies":[{"name":"wp","href":"https:\/\/api.w.org\/{rel}","templated":true}]}}