{"id":800,"date":"2024-06-07T11:08:51","date_gmt":"2024-06-07T09:08:51","guid":{"rendered":"http:\/\/pdf.difforvert.com\/?page_id=800"},"modified":"2026-02-09T08:55:31","modified_gmt":"2026-02-09T07:55:31","slug":"foire-aux-plantes","status":"publish","type":"page","link":"https:\/\/pdf.difforvert.com\/index.php\/foire-aux-plantes\/","title":{"rendered":"Le brighamia &#8211; La foire aux plantes"},"content":{"rendered":"\n<h5 class=\"wp-block-heading has-text-align-center has-nv-site-bg-color has-text-color has-background\" style=\"background-color:#ef7743\">Retrouver notre gamme sp\u00e9ciale foire aux plantes dans votre magasin du 17\/08\/2024 au 31\/08\/2024 !<\/h5>\n\n\n\n<div class=\"wp-block-cover is-light\"><span aria-hidden=\"true\" class=\"wp-block-cover__background has-background-dim-0 has-background-dim\"><\/span><img loading=\"lazy\" decoding=\"async\" width=\"2560\" height=\"1707\" class=\"wp-block-cover__image-background wp-image-1005\" alt=\"\" src=\"https:\/\/pdf.difforvert.com\/wp-content\/uploads\/2024\/06\/AdobeStock_674038978-scaled.jpeg\" data-object-fit=\"cover\" srcset=\"https:\/\/pdf.difforvert.com\/wp-content\/uploads\/2024\/06\/AdobeStock_674038978-scaled.jpeg 2560w, https:\/\/pdf.difforvert.com\/wp-content\/uploads\/2024\/06\/AdobeStock_674038978-300x200.jpeg 300w, https:\/\/pdf.difforvert.com\/wp-content\/uploads\/2024\/06\/AdobeStock_674038978-1024x683.jpeg 1024w, https:\/\/pdf.difforvert.com\/wp-content\/uploads\/2024\/06\/AdobeStock_674038978-768x512.jpeg 768w, https:\/\/pdf.difforvert.com\/wp-content\/uploads\/2024\/06\/AdobeStock_674038978-1536x1024.jpeg 1536w, https:\/\/pdf.difforvert.com\/wp-content\/uploads\/2024\/06\/AdobeStock_674038978-2048x1365.jpeg 2048w, https:\/\/pdf.difforvert.com\/wp-content\/uploads\/2024\/06\/AdobeStock_674038978-930x620.jpeg 930w\" sizes=\"(max-width: 2560px) 100vw, 2560px\" \/><div class=\"wp-block-cover__inner-container is-layout-flow wp-block-cover-is-layout-flow\">\n<h2 class=\"wp-block-heading has-text-align-center fap has-nv-site-bg-color has-text-color\" style=\"font-size:65px\"><strong>Foire aux plantes<\/strong><\/h2>\n<\/div><\/div>\n\n\n\n<div style=\"height:35px\" aria-hidden=\"true\" class=\"wp-block-spacer\"><\/div>\n\n\n\n<h2 class=\"wp-block-heading has-text-align-center has-text-color\" style=\"color:#ef7743\"><strong>L&rsquo;histoire du Brighamia<\/strong><\/h2>\n\n\n\n<p>Le<strong>&nbsp;Brighamia, aussi appel\u00e9 \u00ab&nbsp;Palmier Hawa\u00efen&nbsp;\u00bb, est une succulente qui&nbsp;<\/strong>pousse uniquement sur l\u2019\u00eele d\u2019Hawa\u00ef dans le Pacifique et, dans des endroits assez difficiles d\u2019acc\u00e8s.<\/p>\n\n\n\n<p>Menac\u00e9 d\u2019extinction dans son milieu naturel suite \u00e0 la disparition de son principal papillon pollinisateur, le Brighamia est d\u00e9sormais une esp\u00e8ce prot\u00e9g\u00e9e. Gr\u00e2ce \u00e0 la culture \u00ab&nbsp;in vitro&nbsp;\u00bb et \u00e0 la pollinisation artificielle<strong>,<\/strong> cette plante se porte aujourd\u2019hui \u00e0 merveille et peut continuer de perdurer pour notre plus grand bonheur&nbsp;!<\/p>\n\n\n\n<p>En tant que plante d\u2019int\u00e9rieur, le&nbsp;<strong>Brighamia se distingue par son aspect&nbsp;original et d\u00e9coratif<\/strong>&nbsp;: un tronc charnu surmont\u00e9 d\u2019une grande couronne de feuilles vertes brillantes et coriaces. En octobre et novembre<strong>,<\/strong> de ravissantes fleurs jaunes et l\u00e9g\u00e8rement odorantes viendront le sublimer !<\/p>\n\n\n\n<div class=\"wp-block-media-text is-stacked-on-mobile\"><figure class=\"wp-block-media-text__media\"><img loading=\"lazy\" decoding=\"async\" width=\"681\" height=\"1024\" src=\"https:\/\/pdf.difforvert.com\/wp-content\/uploads\/2024\/05\/AdobeStock_27795985-1-681x1024.jpeg\" alt=\"\" class=\"wp-image-802 size-full\" srcset=\"https:\/\/pdf.difforvert.com\/wp-content\/uploads\/2024\/05\/AdobeStock_27795985-1-681x1024.jpeg 681w, https:\/\/pdf.difforvert.com\/wp-content\/uploads\/2024\/05\/AdobeStock_27795985-1-200x300.jpeg 200w, https:\/\/pdf.difforvert.com\/wp-content\/uploads\/2024\/05\/AdobeStock_27795985-1-768x1154.jpeg 768w, https:\/\/pdf.difforvert.com\/wp-content\/uploads\/2024\/05\/AdobeStock_27795985-1-1022x1536.jpeg 1022w, https:\/\/pdf.difforvert.com\/wp-content\/uploads\/2024\/05\/AdobeStock_27795985-1-1363x2048.jpeg 1363w, https:\/\/pdf.difforvert.com\/wp-content\/uploads\/2024\/05\/AdobeStock_27795985-1-scaled.jpeg 1703w\" sizes=\"(max-width: 681px) 100vw, 681px\" \/><\/figure><div class=\"wp-block-media-text__content\">\n<h2 class=\"wp-block-heading has-text-color\" style=\"color:#ef7743\">&nbsp;<\/h2>\n\n\n\n<h2 class=\"wp-block-heading has-text-color\" style=\"color:#ef7743\"><strong>Nos conseils d&rsquo;entretien<\/strong> <strong>pour le Brighamia<\/strong><\/h2>\n\n\n\n<ul class=\"wp-block-list\">\n<li><strong>Vari\u00e9t\u00e9\u202f:<\/strong>&nbsp;Brighamia Insignis<\/li>\n\n\n\n<li><strong>Difficult\u00e9\u202f:<\/strong>&nbsp;Facile<\/li>\n\n\n\n<li><strong>Exposition\u202f:<\/strong>&nbsp;Tr\u00e8s lumineuse mais sans soleil direct<\/li>\n\n\n\n<li><strong>Arrosage\u202f:&nbsp;<\/strong>R\u00e9gulier de mars \u00e0 septembre (une fois par semaine) et plus espac\u00e9 durant l\u2019hiver (une fois tous les 9 \u00e0 15 jours). Laisser la terre se dess\u00e9cher entre deux arrosages. Ne laisser jamais l\u2019eau stagner dans le fond du pot.<\/li>\n\n\n\n<li><strong>Rusticit\u00e9&nbsp;:<\/strong> Ne jamais l\u2019exposer \u00e0 des temp\u00e9ratures inf\u00e9rieures \u00e0 14\u00b0C (gardez-le au chaud en hiver&nbsp;!)<\/li>\n\n\n\n<li><strong>Entretien\u202f:<\/strong>&nbsp;Un rempotage peut se faire au d\u00e9but du printemps lorsque le palmier hawa\u00efen est \u00e0 l\u2019\u00e9troit.<\/li>\n\n\n\n<li><strong>Couleur de floraison :<\/strong>&nbsp;Jaune&nbsp;<\/li>\n<\/ul>\n\n\n\n<p class=\"has-background\" style=\"background-color:#f5ece9\"><strong>Le Brighamia est une plante robuste et facile d&rsquo;entretien.<\/strong><br>Il pourra facilement se passer d\u2019eau pendant plusieurs semaines gr\u00e2ce \u00e0 son tronc \u00e9pais qui stocke l\u2019eau. Tout arrosage excessif pourrait faire pourrir ses racines&nbsp;!<br>Il est normal que ce \u00ab&nbsp;Palmier Hawa\u00efen&nbsp;\u00bb laisse tomber ses feuilles de temps en temps, n\u2019ayez aucunes inqui\u00e9tudes ses feuilles repousseront bien assez t\u00f4t.<\/p>\n<\/div><\/div>\n\n\n\n<div style=\"height:25px\" aria-hidden=\"true\" class=\"wp-block-spacer\"><\/div>\n\n\n\n<div class=\"wp-block-columns is-layout-flex wp-container-core-columns-is-layout-1 wp-block-columns-is-layout-flex\">\n<div class=\"wp-block-column is-layout-flow wp-block-column-is-layout-flow\">\n<h2 class=\"wp-block-heading has-text-align-center has-text-color\" style=\"color:#ef7743\"><strong>Venez d\u00e9couvrir d&rsquo;autres vari\u00e9t\u00e9s exclusives et tendances dans votre magasin !<\/strong><\/h2>\n<\/div>\n<\/div>\n\n\n\n<div class=\"wp-block-columns are-vertically-aligned-center is-layout-flex wp-container-core-columns-is-layout-2 wp-block-columns-is-layout-flex\">\n<div class=\"wp-block-column is-vertically-aligned-center is-layout-flow wp-block-column-is-layout-flow\">\n<div class=\"wp-block-media-text is-stacked-on-mobile is-vertically-aligned-center is-image-fill has-background\" style=\"background-color:#f5ece9\"><figure class=\"wp-block-media-text__media\" style=\"background-image:url(https:\/\/pdf.difforvert.com\/wp-content\/uploads\/2024\/08\/AdobeStock_527644769-1024x683.jpeg);background-position:50% 50%\"><img loading=\"lazy\" decoding=\"async\" width=\"1024\" height=\"683\" src=\"https:\/\/pdf.difforvert.com\/wp-content\/uploads\/2024\/08\/AdobeStock_527644769-1024x683.jpeg\" alt=\"\" class=\"wp-image-1156 size-thumbnail\" srcset=\"https:\/\/pdf.difforvert.com\/wp-content\/uploads\/2024\/08\/AdobeStock_527644769-1024x683.jpeg 1024w, https:\/\/pdf.difforvert.com\/wp-content\/uploads\/2024\/08\/AdobeStock_527644769-300x200.jpeg 300w, https:\/\/pdf.difforvert.com\/wp-content\/uploads\/2024\/08\/AdobeStock_527644769-768x512.jpeg 768w, https:\/\/pdf.difforvert.com\/wp-content\/uploads\/2024\/08\/AdobeStock_527644769-1536x1024.jpeg 1536w, https:\/\/pdf.difforvert.com\/wp-content\/uploads\/2024\/08\/AdobeStock_527644769-2048x1365.jpeg 2048w, https:\/\/pdf.difforvert.com\/wp-content\/uploads\/2024\/08\/AdobeStock_527644769-930x620.jpeg 930w\" sizes=\"(max-width: 1024px) 100vw, 1024px\" \/><\/figure><div class=\"wp-block-media-text__content\">\n<h3 class=\"wp-block-heading has-text-align-left\">Foug\u00e8re Blue Star<\/h3>\n\n\n\n<p class=\"chapeau\">Des feuilles luxuriantes bleut\u00e9es qui apportent une touche tropicale \u00e0 votre int\u00e9rieur.<\/p>\n\n\n\n<p class=\"has-text-align-left\"><strong>Luminosit\u00e9 :<\/strong> faible<br><strong>Arrosage :<\/strong> mod\u00e9r\u00e9<br><strong>Entretien :<\/strong> facile<\/p>\n<\/div><\/div>\n<\/div>\n\n\n\n<div class=\"wp-block-column is-vertically-aligned-center is-layout-flow wp-block-column-is-layout-flow\">\n<div class=\"wp-block-media-text is-stacked-on-mobile is-vertically-aligned-center is-image-fill has-background\" style=\"background-color:#f5ece9\"><figure class=\"wp-block-media-text__media\" style=\"background-image:url(https:\/\/pdf.difforvert.com\/wp-content\/uploads\/2024\/08\/AdobeStock_458266413-1024x683.jpeg);background-position:18% 55%\"><img loading=\"lazy\" decoding=\"async\" width=\"1024\" height=\"683\" src=\"https:\/\/pdf.difforvert.com\/wp-content\/uploads\/2024\/08\/AdobeStock_458266413-1024x683.jpeg\" alt=\"Avec son tronc tress\u00e9 unique et son feuillage particulier, le Pachira apporte une touche de nature et de s\u00e9r\u00e9nit\u00e9 \u00e0 votre int\u00e9rieur.\" class=\"wp-image-1124 size-thumbnail\" srcset=\"https:\/\/pdf.difforvert.com\/wp-content\/uploads\/2024\/08\/AdobeStock_458266413-1024x683.jpeg 1024w, https:\/\/pdf.difforvert.com\/wp-content\/uploads\/2024\/08\/AdobeStock_458266413-300x200.jpeg 300w, https:\/\/pdf.difforvert.com\/wp-content\/uploads\/2024\/08\/AdobeStock_458266413-768x512.jpeg 768w, https:\/\/pdf.difforvert.com\/wp-content\/uploads\/2024\/08\/AdobeStock_458266413-1536x1024.jpeg 1536w, https:\/\/pdf.difforvert.com\/wp-content\/uploads\/2024\/08\/AdobeStock_458266413-2048x1365.jpeg 2048w, https:\/\/pdf.difforvert.com\/wp-content\/uploads\/2024\/08\/AdobeStock_458266413-930x620.jpeg 930w\" sizes=\"(max-width: 1024px) 100vw, 1024px\" \/><\/figure><div class=\"wp-block-media-text__content\">\n<h3 class=\"wp-block-heading has-text-align-left\">Pachira<\/h3>\n\n\n\n<p class=\"chapeau\">Un tronc tress\u00e9 unique, un feuillage particulier, le Pachira apporte une touche de nature et de s\u00e9r\u00e9nit\u00e9.<\/p>\n\n\n\n<p class=\"has-text-align-left\"><strong>Luminosit\u00e9 :<\/strong> \u00e9lev\u00e9<br><strong>Arrosage :<\/strong> faible<br><strong>Entretien :<\/strong> facile<\/p>\n<\/div><\/div>\n<\/div>\n<\/div>\n\n\n\n<div class=\"wp-block-media-text is-stacked-on-mobile is-vertically-aligned-center is-image-fill has-background\" style=\"background-color:#f5ece9\"><figure class=\"wp-block-media-text__media\" style=\"background-image:url(https:\/\/pdf.difforvert.com\/wp-content\/uploads\/2024\/06\/AdobeStock_386437082-2-1024x683.jpeg);background-position:50% 50%\"><img loading=\"lazy\" decoding=\"async\" width=\"1024\" height=\"683\" src=\"https:\/\/pdf.difforvert.com\/wp-content\/uploads\/2024\/06\/AdobeStock_386437082-2-1024x683.jpeg\" alt=\"L'Alocasia, avec ses feuilles majestueuses et son allure exotique, transforme votre int\u00e9rieur en un v\u00e9ritable paradis tropical.\" class=\"wp-image-1021 size-full\" srcset=\"https:\/\/pdf.difforvert.com\/wp-content\/uploads\/2024\/06\/AdobeStock_386437082-2-1024x683.jpeg 1024w, https:\/\/pdf.difforvert.com\/wp-content\/uploads\/2024\/06\/AdobeStock_386437082-2-300x200.jpeg 300w, https:\/\/pdf.difforvert.com\/wp-content\/uploads\/2024\/06\/AdobeStock_386437082-2-768x512.jpeg 768w, https:\/\/pdf.difforvert.com\/wp-content\/uploads\/2024\/06\/AdobeStock_386437082-2-1536x1024.jpeg 1536w, https:\/\/pdf.difforvert.com\/wp-content\/uploads\/2024\/06\/AdobeStock_386437082-2-2048x1365.jpeg 2048w, https:\/\/pdf.difforvert.com\/wp-content\/uploads\/2024\/06\/AdobeStock_386437082-2-930x620.jpeg 930w\" sizes=\"(max-width: 1024px) 100vw, 1024px\" \/><\/figure><div class=\"wp-block-media-text__content\">\n<h3 class=\"wp-block-heading\">Alocasia<\/h3>\n\n\n\n<p class=\"chapeau\">L\u2019Alocasia, avec ses grandes feuilles \u00e9l\u00e9gantes et son allure unique, transforme votre int\u00e9rieur en un v\u00e9ritable oasis de verdure.<\/p>\n\n\n\n<div class=\"wp-block-columns is-layout-flex wp-container-core-columns-is-layout-3 wp-block-columns-is-layout-flex\">\n<div class=\"wp-block-column is-layout-flow wp-block-column-is-layout-flow\"><div class=\"wp-block-image\">\n<figure class=\"aligncenter size-full\"><img loading=\"lazy\" decoding=\"async\" width=\"60\" height=\"60\" src=\"https:\/\/pdf.difforvert.com\/wp-content\/uploads\/2024\/05\/Pictogrammes-Entretien-V2_Plan-de-travail-1-copie-13.png\" alt=\"\" class=\"wp-image-895\"\/><\/figure><\/div>\n\n\n<h4 class=\"wp-block-heading has-text-align-center\"><strong>Luminosit\u00e9<\/strong><\/h4>\n\n\n\n<p class=\"has-text-align-center entretien\">\u00c9lev\u00e9<\/p>\n<\/div>\n\n\n\n<div class=\"wp-block-column is-layout-flow wp-block-column-is-layout-flow\"><div class=\"wp-block-image\">\n<figure class=\"aligncenter size-full\"><img loading=\"lazy\" decoding=\"async\" width=\"60\" height=\"60\" src=\"https:\/\/pdf.difforvert.com\/wp-content\/uploads\/2024\/05\/Pictogrammes-Entretien-V2_Plan-de-travail-1-copie-14.png\" alt=\"\" class=\"wp-image-896\"\/><\/figure><\/div>\n\n\n<h4 class=\"wp-block-heading has-text-align-center\">Arrosage<\/h4>\n\n\n\n<p class=\"has-text-align-center entretien\">\u00c9lev\u00e9<\/p>\n<\/div>\n\n\n\n<div class=\"wp-block-column is-layout-flow wp-block-column-is-layout-flow\"><div class=\"wp-block-image\">\n<figure class=\"aligncenter size-full\"><img loading=\"lazy\" decoding=\"async\" width=\"60\" height=\"60\" src=\"https:\/\/pdf.difforvert.com\/wp-content\/uploads\/2024\/05\/Pictogrammes-Entretien-V2_Plan-de-travail-1-copie-6.png\" alt=\"\" class=\"wp-image-897\"\/><\/figure><\/div>\n\n\n<h4 class=\"wp-block-heading has-text-align-center\">Entretien<\/h4>\n\n\n\n<p class=\"has-text-align-center entretien\">Facile<\/p>\n<\/div>\n<\/div>\n<\/div><\/div>\n\n\n\n<div style=\"height:30px\" aria-hidden=\"true\" class=\"wp-block-spacer\"><\/div>\n\n\n\n<div class=\"wp-block-columns are-vertically-aligned-center is-layout-flex wp-container-core-columns-is-layout-4 wp-block-columns-is-layout-flex\">\n<div class=\"wp-block-column is-vertically-aligned-center is-layout-flow wp-block-column-is-layout-flow\">\n<div class=\"wp-block-media-text is-stacked-on-mobile is-vertically-aligned-center is-image-fill has-background\" style=\"background-color:#f5ece9;padding-top:0;padding-right:0;padding-bottom:0;padding-left:0\"><figure class=\"wp-block-media-text__media\" style=\"background-image:url(https:\/\/pdf.difforvert.com\/wp-content\/uploads\/2024\/08\/AdobeStock_362341108-1024x538.jpeg);background-position:51% 70%\"><img loading=\"lazy\" decoding=\"async\" width=\"1024\" height=\"538\" src=\"https:\/\/pdf.difforvert.com\/wp-content\/uploads\/2024\/08\/AdobeStock_362341108-1024x538.jpeg\" alt=\"L'Haworthia, petite succulente robuste d\u2019une grande originalit\u00e9.\" class=\"wp-image-1128 size-thumbnail\" srcset=\"https:\/\/pdf.difforvert.com\/wp-content\/uploads\/2024\/08\/AdobeStock_362341108-1024x538.jpeg 1024w, https:\/\/pdf.difforvert.com\/wp-content\/uploads\/2024\/08\/AdobeStock_362341108-300x157.jpeg 300w, https:\/\/pdf.difforvert.com\/wp-content\/uploads\/2024\/08\/AdobeStock_362341108-768x403.jpeg 768w, https:\/\/pdf.difforvert.com\/wp-content\/uploads\/2024\/08\/AdobeStock_362341108-1536x806.jpeg 1536w, https:\/\/pdf.difforvert.com\/wp-content\/uploads\/2024\/08\/AdobeStock_362341108-2048x1075.jpeg 2048w\" sizes=\"(max-width: 1024px) 100vw, 1024px\" \/><\/figure><div class=\"wp-block-media-text__content\">\n<h3 class=\"wp-block-heading has-text-align-left\">Haworthia<\/h3>\n\n\n\n<p class=\"chapeau\">L\u2019Haworthia, petite succulente robuste d\u2019une grande originalit\u00e9 avec son feuillage berlingot.<\/p>\n\n\n\n<p class=\"has-text-align-left\"><strong>Luminosit\u00e9 :<\/strong> \u00e9lev\u00e9<br><strong>Arrosage :<\/strong> tr\u00e8s faible<br><strong>Entretien :<\/strong> facile<\/p>\n<\/div><\/div>\n<\/div>\n\n\n\n<div class=\"wp-block-column is-vertically-aligned-center is-layout-flow wp-block-column-is-layout-flow\">\n<div class=\"wp-block-media-text is-stacked-on-mobile is-vertically-aligned-center is-image-fill has-background\" style=\"background-color:#f5ece9\"><figure class=\"wp-block-media-text__media\" style=\"background-image:url(https:\/\/pdf.difforvert.com\/wp-content\/uploads\/2024\/08\/AdobeStock_513201874-1024x683.jpeg);background-position:79% 46%\"><img loading=\"lazy\" decoding=\"async\" width=\"1024\" height=\"683\" src=\"https:\/\/pdf.difforvert.com\/wp-content\/uploads\/2024\/08\/AdobeStock_513201874-1024x683.jpeg\" alt=\"Le Coffea Arabica, avec ses feuilles brillantes et vertes, ajoute une touche de fraicheur \u00e0 n\u2019importe quel espace.\" class=\"wp-image-1129 size-thumbnail\" srcset=\"https:\/\/pdf.difforvert.com\/wp-content\/uploads\/2024\/08\/AdobeStock_513201874-1024x683.jpeg 1024w, https:\/\/pdf.difforvert.com\/wp-content\/uploads\/2024\/08\/AdobeStock_513201874-300x200.jpeg 300w, https:\/\/pdf.difforvert.com\/wp-content\/uploads\/2024\/08\/AdobeStock_513201874-768x512.jpeg 768w, https:\/\/pdf.difforvert.com\/wp-content\/uploads\/2024\/08\/AdobeStock_513201874-1536x1024.jpeg 1536w, https:\/\/pdf.difforvert.com\/wp-content\/uploads\/2024\/08\/AdobeStock_513201874-2048x1365.jpeg 2048w, https:\/\/pdf.difforvert.com\/wp-content\/uploads\/2024\/08\/AdobeStock_513201874-930x620.jpeg 930w\" sizes=\"(max-width: 1024px) 100vw, 1024px\" \/><\/figure><div class=\"wp-block-media-text__content\">\n<h3 class=\"wp-block-heading has-text-align-left\">Coffea Arabica<\/h3>\n\n\n\n<p class=\"chapeau\">Le Coffea Arabica, avec ses feuilles brillantes et vertes, ajoute une touche de fraicheur \u00e0 n\u2019importe quel espace.<\/p>\n\n\n\n<p class=\"has-text-align-left\"><strong>Luminosit\u00e9 :<\/strong> mod\u00e9r\u00e9<br><strong>Arrosage :<\/strong> r\u00e9gulier<br><strong>Entretien :<\/strong> facile<\/p>\n<\/div><\/div>\n<\/div>\n<\/div>\n\n\n\n<div class=\"wp-block-columns are-vertically-aligned-center is-layout-flex wp-container-core-columns-is-layout-5 wp-block-columns-is-layout-flex\">\n<div class=\"wp-block-column is-vertically-aligned-center is-layout-flow wp-block-column-is-layout-flow\">\n<div class=\"wp-block-media-text is-stacked-on-mobile is-vertically-aligned-center is-image-fill has-background\" style=\"background-color:#f5ece9\"><figure class=\"wp-block-media-text__media\" style=\"background-image:url(https:\/\/pdf.difforvert.com\/wp-content\/uploads\/2024\/06\/815ia7iBvPL-1024x1024.jpg);background-position:48% 0%\"><img loading=\"lazy\" decoding=\"async\" width=\"1024\" height=\"1024\" src=\"https:\/\/pdf.difforvert.com\/wp-content\/uploads\/2024\/06\/815ia7iBvPL-1024x1024.jpg\" alt=\"La plante ananas, avec son allure tropicale et ses fruits savoureux, transforme votre int\u00e9rieur en un paradis exotique.\" class=\"wp-image-1026 size-thumbnail\" srcset=\"https:\/\/pdf.difforvert.com\/wp-content\/uploads\/2024\/06\/815ia7iBvPL-1024x1024.jpg 1024w, https:\/\/pdf.difforvert.com\/wp-content\/uploads\/2024\/06\/815ia7iBvPL-300x300.jpg 300w, https:\/\/pdf.difforvert.com\/wp-content\/uploads\/2024\/06\/815ia7iBvPL-150x150.jpg 150w, https:\/\/pdf.difforvert.com\/wp-content\/uploads\/2024\/06\/815ia7iBvPL-768x768.jpg 768w, https:\/\/pdf.difforvert.com\/wp-content\/uploads\/2024\/06\/815ia7iBvPL-1536x1536.jpg 1536w, https:\/\/pdf.difforvert.com\/wp-content\/uploads\/2024\/06\/815ia7iBvPL.jpg 2000w\" sizes=\"(max-width: 1024px) 100vw, 1024px\" \/><\/figure><div class=\"wp-block-media-text__content\">\n<h3 class=\"wp-block-heading has-text-align-left\">Plante Ananas <\/h3>\n\n\n\n<p class=\"chapeau\">La plante ananas est une plante exotique ornementale. Bien que le mini ananas ait l&rsquo;air tr\u00e8s savoureux,&nbsp;il n&rsquo;est pas comestible.&nbsp;<\/p>\n\n\n\n<p class=\"has-text-align-left\"><strong>Luminosit\u00e9 :<\/strong> \u00e9lev\u00e9<br><strong>Arrosage :<\/strong> mod\u00e9r\u00e9<br><strong>Entretien :<\/strong> facile<\/p>\n<\/div><\/div>\n<\/div>\n\n\n\n<div class=\"wp-block-column is-vertically-aligned-center is-layout-flow wp-block-column-is-layout-flow\">\n<div class=\"wp-block-media-text is-stacked-on-mobile is-vertically-aligned-center is-image-fill has-background\" style=\"background-color:#f5ece9\"><figure class=\"wp-block-media-text__media\" style=\"background-image:url(https:\/\/pdf.difforvert.com\/wp-content\/uploads\/2024\/08\/AdobeStock_809650372-1024x574.jpeg);background-position:50% 50%\"><img loading=\"lazy\" decoding=\"async\" width=\"1024\" height=\"574\" src=\"https:\/\/pdf.difforvert.com\/wp-content\/uploads\/2024\/08\/AdobeStock_809650372-1024x574.jpeg\" alt=\"La plante carnivore, fascinante et exotique, ajoute une touche de myst\u00e8re et de nature sauvage \u00e0 votre int\u00e9rieur.\" class=\"wp-image-1130 size-thumbnail\" srcset=\"https:\/\/pdf.difforvert.com\/wp-content\/uploads\/2024\/08\/AdobeStock_809650372-1024x574.jpeg 1024w, https:\/\/pdf.difforvert.com\/wp-content\/uploads\/2024\/08\/AdobeStock_809650372-300x168.jpeg 300w, https:\/\/pdf.difforvert.com\/wp-content\/uploads\/2024\/08\/AdobeStock_809650372-768x430.jpeg 768w, https:\/\/pdf.difforvert.com\/wp-content\/uploads\/2024\/08\/AdobeStock_809650372-1536x861.jpeg 1536w, https:\/\/pdf.difforvert.com\/wp-content\/uploads\/2024\/08\/AdobeStock_809650372-2048x1148.jpeg 2048w\" sizes=\"(max-width: 1024px) 100vw, 1024px\" \/><\/figure><div class=\"wp-block-media-text__content\">\n<h3 class=\"wp-block-heading has-text-align-left\">Plante Carnivore<\/h3>\n\n\n\n<p class=\"chapeau\">La plante carnivore, captivante et singuli\u00e8re, apporte une note de myst\u00e8re et de nature sauvage \u00e0 votre int\u00e9rieur.<\/p>\n\n\n\n<p class=\"has-text-align-left\"><strong>Luminosit\u00e9 :<\/strong> \u00e9lev\u00e9<br><strong>Arrosage :<\/strong> r\u00e9gulier<br><strong>Entretien :<\/strong> facile<\/p>\n<\/div><\/div>\n<\/div>\n<\/div>\n\n\n\n<div style=\"height:25px\" aria-hidden=\"true\" class=\"wp-block-spacer\"><\/div>\n","protected":false},"excerpt":{"rendered":"<p>Retrouver notre gamme sp\u00e9ciale foire aux plantes dans votre magasin du 17\/08\/2024 au 31\/08\/2024 ! L&rsquo;histoire du Brighamia Le&nbsp;Brighamia, aussi appel\u00e9 \u00ab&nbsp;Palmier Hawa\u00efen&nbsp;\u00bb, est une succulente qui&nbsp;pousse uniquement sur l\u2019\u00eele d\u2019Hawa\u00ef dans le Pacifique et, dans des endroits assez difficiles d\u2019acc\u00e8s. Menac\u00e9 d\u2019extinction dans son milieu naturel suite \u00e0 la disparition de son principal papillon&hellip;&nbsp;<a href=\"https:\/\/pdf.difforvert.com\/index.php\/foire-aux-plantes\/\" rel=\"bookmark\">Lire la suite &raquo;<span class=\"screen-reader-text\">Le brighamia &#8211; La foire aux plantes<\/span><\/a><\/p>\n","protected":false},"author":1,"featured_media":0,"parent":0,"menu_order":0,"comment_status":"closed","ping_status":"closed","template":"","meta":{"neve_meta_sidebar":"","neve_meta_container":"","neve_meta_enable_content_width":"","neve_meta_content_width":0,"neve_meta_title_alignment":"","neve_meta_author_avatar":"","neve_post_elements_order":"","neve_meta_disable_header":"","neve_meta_disable_footer":"","neve_meta_disable_title":"","footnotes":""},"class_list":["post-800","page","type-page","status-publish","hentry"],"_links":{"self":[{"href":"https:\/\/pdf.difforvert.com\/index.php\/wp-json\/wp\/v2\/pages\/800"}],"collection":[{"href":"https:\/\/pdf.difforvert.com\/index.php\/wp-json\/wp\/v2\/pages"}],"about":[{"href":"https:\/\/pdf.difforvert.com\/index.php\/wp-json\/wp\/v2\/types\/page"}],"author":[{"embeddable":true,"href":"https:\/\/pdf.difforvert.com\/index.php\/wp-json\/wp\/v2\/users\/1"}],"replies":[{"embeddable":true,"href":"https:\/\/pdf.difforvert.com\/index.php\/wp-json\/wp\/v2\/comments?post=800"}],"version-history":[{"count":122,"href":"https:\/\/pdf.difforvert.com\/index.php\/wp-json\/wp\/v2\/pages\/800\/revisions"}],"predecessor-version":[{"id":1904,"href":"https:\/\/pdf.difforvert.com\/index.php\/wp-json\/wp\/v2\/pages\/800\/revisions\/1904"}],"wp:attachment":[{"href":"https:\/\/pdf.difforvert.com\/index.php\/wp-json\/wp\/v2\/media?parent=800"}],"curies":[{"name":"wp","href":"https:\/\/api.w.org\/{rel}","templated":true}]}}